divisor of 1767 and 51?
3
What is the greatest common divisor of 924 and 902132?
308
Calculate the greatest common divisor of 890704 and 9666.
358
What is the highest common factor of 25452 and 861?
21
What is the highest common factor of 236 and 15458?
118
What is the greatest common factor of 6499 and 13467?
67
Calculate the highest common factor of 119546 and 6.
2
Calculate the highest common divisor of 1110 and 59880.
30
Calculate the highest common factor of 3822 and 507.
39
Calculate the highest common divisor of 1645 and 121495.
235
What is the highest common divisor of 7332 and 936?
156
What is the highest common divisor of 5863 and 6765?
451
Calculate the highest common factor of 13363 and 3703.
161
Calculate the greatest common divisor of 142390 and 3437.
491
What is the greatest common factor of 136 and 1142723?
17
Calculate the greatest common divisor of 271065 and 153.
51
What is the highest common divisor of 14066 and 52?
26
Calculate the highest common factor of 18312536 and 22.
22
What is the highest common divisor of 568 and 42884?
284
What is the highest common divisor of 206892 and 67322?
1642
What is the greatest common divisor of 4 and 273316?
4
What is the highest common factor of 6046 and 4?
2
What is the highest common factor of 5336 and 2248457?
667
Calculate the greatest common factor of 4 and 33215.
1
Calculate the greatest common divisor of 10906 and 10612.
14
Calculate the highest common factor of 18 and 875331.
9
Calculate the greatest common factor of 163718 and 4033.
109
What is the greatest common factor of 130 and 12766?
26
Calculate the highest common factor of 3696 and 88074.
42
What is the greatest common divisor of 14786 and 62?
2
What is the highest common factor of 539 and 1792?
7
What is the highest common factor of 349 and 101?
1
What is the highest common factor of 11124 and 972?
108
What is the greatest common factor of 4668 and 1188?
12
Calculate the greatest common divisor of 343766 and 174.
58
What is the highest common divisor of 1176 and 38?
2
What is the highest common factor of 504 and 120240?
72
Calculate the greatest common divisor of 4557 and 184016.
217
Calculate the highest common divisor of 112412 and 9308.
716
Calculate the highest common factor of 104806 and 556.
278
Calculate the highest common factor of 345 and 3078435.
345
Calculate the greatest common factor of 178962 and 28.
14
Calculate the highest common divisor of 7605 and 1404.
117
What is the greatest common divisor of 55798 and 46?
46
Calculate the greatest common factor of 22 and 77187.
11
Calculate the greatest common divisor of 949854 and 138.
138
Calculate the highest common factor of 33184 and 112.
16
Calculate the highest common factor of 592 and 4810.
74
What is the greatest common divisor of 1952 and 2501?
61
Calculate the greatest common factor of 159053 and 53.
53
Calculate the highest common factor of 915 and 111935.
305
What is the greatest common factor of 1584 and 1384?
8
What is the highest common factor of 20 and 26188?
4
Calculate the highest common factor of 1887460 and 38.
38
Calculate the greatest common factor of 6942 and 3120.
78
What is the highest common factor of 96 and 41043?
3
What is the greatest common factor of 3 and 2146323?
3
Calculate the greatest common divisor of 101647 and 91.
91
What is the highest common factor of 528 and 35442?
66
What is the greatest common factor of 15448 and 16?
8
What is the highest common factor of 4311 and 2979?
9
Calculate the greatest common factor of 7200 and 2592.
288
What is the greatest common divisor of 131900 and 340?
20
What is the highest common factor of 2701 and 6475?
37
Calculate the greatest common divisor of 119935 and 85.
85
What is the greatest common factor of 2331 and 6111?
63
What is the greatest common divisor of 358274 and 652?
326
What is the highest common factor of 7945 and 620845?
1135
Calculate the highest common factor of 891 and 131571.
297
What is the highest common divisor of 192 and 41552?
16
Calculate the greatest common factor of 56240 and 398240.
1520
What is the greatest common divisor of 484 and 396044?
44
Calculate the greatest common divisor of 274 and 540.
2
Calculate the highest common divisor of 94457 and 1147.
31
What is the highest common factor of 111159 and 3243?
69
Calculate the greatest common factor of 262363 and 58.
29
Calculate the highest common factor of 130032 and 567.
189
Calculate the greatest common factor of 173934 and 54.
54
What is the highest common factor of 34569 and 6?
3
Calculate the greatest common factor of 1116 and 130324.
124
Calculate the highest common factor of 83 and 35773.
83
What is the highest common divisor of 4185 and 7595?
155
What is the greatest common factor of 2289 and 356757?
327
Calculate the highest common factor of 1211 and 714.
7
What is the highest common divisor of 12766 and 78?
26
What is the greatest common factor of 39 and 3033?
3
Calculate the greatest common divisor of 214 and 10379.
107
What is the highest common divisor of 312849 and 27?
27
What is the highest common divisor of 12530 and 875?
35
What is the greatest common factor of 45 and 6080?
5
Calculate the greatest common divisor of 1144659 and 2007.
669
Calculate the highest common factor of 4416 and 506.
46
Calculate the greatest common factor of 72 and 45702.
18
What is the greatest common factor of 542 and 367747?
271
Calculate the greatest common divisor of 1150 and 1046776.
46
What is the greatest common factor of 800457 and 470?
47
Calculate the highest common factor of 221 and 62101.
221
What is the highest common factor of 781 and 108701?
71
What is the highest common factor of 5040 and 21210?
210
What is the highest common factor of 8307811 and 1174?
587
Calculate the highest common divisor of 836 and 2816.
44
What is the highest common factor of 23406 and 7968?
498
What is the greatest common divisor of 10604 and 88?
44
Calculate the greatest common divisor of 8362 and 4292.
74
Calculate the greatest common divisor of 13400 and 31490.
670
What is the highest common divisor of 944539 and 124?
31
What is the highest common factor of 48091 and 2?
1
Calculate the highest common factor of 106048 and 416.
32
What is the highest common divisor of 924 and 4521?
33
Calculate the highest common divisor of 868855 and 65.
65
What is the highest common divisor of 160 and 2645?
5
Calculate the highest common factor of 34 and 546278.
34
Calculate the greatest common factor of 42795 and 414636.
951
Calculate the highest common factor of 85 and 2964545.
85
What is the highest common divisor of 120 and 108915?
15
Calculate the greatest common factor of 90 and 1443465.
45
What is the highest common divisor of 344 and 332132?
172
Calculate the highest common factor of 3283 and 36314.
67
What is the greatest common factor of 79086 and 2940?
294
Calculate the greatest common divisor of 14782 and 717316.
778
What is the highest common divisor of 5136 and 172484?
428
What is the greatest common divisor of 4802 and 2002?
14
Calculate the highest common divisor of 119 and 49.
7
Calculate the highest common divisor of 2876 and 236.
4
What is the highest common divisor of 878736 and 16?
16
Calculate the greatest common factor of 861 and 188067.
123
Calculate the highest common divisor of 3440 and 80240.
80
Calculate the greatest common divisor of 33 and 1551.
33
What is the greatest common divisor of 4446 and 2678?
26
Calculate the greatest common divisor of 291 and 2532.
3
What is the greatest common divisor of 138 and 280?
2
Calculate the highest common divisor of 257543 and 117.
13
Calculate the highest common divisor of 50103 and 693.
9
What is the greatest common factor of 105 and 73500?
105
What is the highest common factor of 52 and 941486?
26
Calculate the highest common divisor of 955693 and 1.
1
What is the highest common factor of 10 and 92830?
10
What is the highest common factor of 36019 and 25702?
181
What is the greatest common divisor of 17 and 464066?
17
What is the highest common divisor of 145212 and 60?
12
Calculate the greatest common factor of 2107 and 5880.
49
What is the highest common factor of 20284 and 32?
4
What is the highest common divisor of 627 and 64977?
33
Calculate the highest common factor 